{"id":105,"date":"2021-12-03T16:29:39","date_gmt":"2021-12-03T16:29:39","guid":{"rendered":"https:\/\/websitebuilder-demo.net\/eladio\/?page_id=5"},"modified":"2026-04-06T15:18:01","modified_gmt":"2026-04-06T13:18:01","slug":"demo-home","status":"publish","type":"page","link":"https:\/\/nintungi.com\/","title":{"rendered":"A PROPOS"},"content":{"rendered":"<div class=\"brz-root__container brz-reset-all brz brz-root__container-page\">\n<section id=\"_mrflzjicomdumnzmkizqvkxdibxvohzxkodz\" class=\"brz-section brz-css-ugca50 brz-css-1fn09t6\">\n<div class=\"brz-section__content brz-section--boxed brz-css-1dc8ywm brz-css-epvgvk\" data-brz-custom-id=\"xbzigwvglsqemvkyauvjbuxwqrpbgkdannka\">\n<div class=\"brz-bg\">\n<div class=\"brz-bg-image\"><\/div>\n<\/div>\n<div class=\"brz-container brz-css-1xcza5y\">\n<div id=\"\" class=\"brz-css-1r12ba7 brz-css-1p9vulx brz-wrapper\">\n<div class=\"brz-spacer brz-css-1hgeg2v brz-css-1b6wi1z\"><\/div>\n<\/div>\n<div id=\"\" class=\"brz-css-1r12ba7 brz-css-17tfsi4 brz-wrapper\">\n<div class=\"brz-image brz-css-jme9wa\" data-brz-custom-id=\"vyhrjiytmyhtbdjcbutowlguajqabmibcwbj\"><img decoding=\"async\" class=\"brz-img\" src=\"https:\/\/nintungi.com\/wp-content\/uploads\/brizy\/imgs\/Logo_NINTU_NGI-674x437x43x0x588x437x1691179463.png\" alt=\"\" loading=\"lazy\"><\/div>\n<\/div>\n<div id=\"\" class=\"brz-css-1r12ba7 brz-css-1s4s4i1 brz-wrapper\">\n<div class=\"brz-rich-text brz-rich-text__custom brz-css-1mobnul\" data-brz-custom-id=\"xysxmdhysfusmltgdhsvooosvgemulnxwmmn\">\n<div data-brz-translate-text=\"1\">\n<p class=\"brz-fs-lg-51 brz-lh-lg-1_4 brz-ff-palanquin brz-fs-xs-25 brz-lh-xs-1_4 brz-ls-lg-0_5 brz-fw-lg-400 brz-fss-lg-px brz-ft-google brz-tp-lg-empty brz-text-lg-center brz-tp-xs-empty brz-fss-xs-px brz-fw-xs-400 brz-ls-xs-0_5 brz-css-oTzTU\" data-uniq-id=\"eXp0V\" data-generated-css=\"brz-css-ekU0p\"><strong class=\"brz-capitalize-on\">La pratique kongo<\/strong><\/p>\n<p class=\"brz-ls-lg-0_5 brz-fw-lg-400 brz-fss-lg-px brz-ft-google brz-tp-lg-empty brz-text-lg-center brz-tp-xs-empty brz-fss-xs-px brz-fw-xs-400 brz-ls-xs-0_5 brz-lh-lg-1_4 brz-fs-lg-34 brz-ff-palanquin brz-fs-xs-25 brz-lh-xs-1_4 brz-css-ixf7r\" data-uniq-id=\"cYNZ2\" data-generated-css=\"brz-css-hVMmS\"><strong class=\"brz-capitalize-on\">rEVEL\u00e9E au bout des doigts<\/strong><\/p>\n<p class=\"brz-text-lg-center brz-tp-xs-empty brz-fs-xs-17 brz-fss-xs-px brz-fw-xs-400 brz-ls-xs-0_5 brz-lh-xs-2 brz-tp-lg-empty brz-ff-poppins brz-ft-google brz-fss-lg-px brz-ls-lg-0_5 brz-fs-lg-18 brz-fw-lg-400 brz-lh-lg-2 brz-css-pLHZI\" data-uniq-id=\"pXEjr\" data-generated-css=\"brz-css-gWxKb\"><strong class=\"brz-capitalize-on\"> <\/strong><\/p>\n<p class=\"brz-text-lg-center brz-tp-xs-empty brz-fs-xs-17 brz-fss-xs-px brz-fw-xs-400 brz-ls-xs-0_5 brz-lh-xs-2 brz-vfw-lg-400 brz-fwdth-lg-100 brz-fsft-lg-0 brz-tp-lg-empty brz-ff-poppins brz-ft-google brz-fs-lg-24 brz-fss-lg-px brz-fw-lg-600 brz-ls-lg-0_5 brz-lh-lg-1_5 brz-css-mXukf\" data-uniq-id=\"oAclT\" data-generated-css=\"brz-css-tSR21\"><strong class=\"brz-capitalize-on\">Puissant comme le baobab <\/strong><\/p>\n<p class=\"brz-text-lg-center brz-tp-xs-empty brz-fs-xs-17 brz-fss-xs-px brz-fw-xs-400 brz-ls-xs-0_5 brz-lh-xs-2 brz-vfw-lg-400 brz-fwdth-lg-100 brz-fsft-lg-0 brz-tp-lg-empty brz-ff-poppins brz-ft-google brz-fs-lg-24 brz-fss-lg-px brz-fw-lg-600 brz-ls-lg-0_5 brz-lh-lg-1_5 brz-css-xvaFi\" data-uniq-id=\"aPmf9\" data-generated-css=\"brz-css-yCSlH\"><strong class=\"brz-capitalize-on\">Doux comme ses fruits<\/strong><\/p>\n<p class=\"brz-text-lg-center brz-tp-xs-empty brz-fs-xs-17 brz-fss-xs-px brz-fw-xs-400 brz-ls-xs-0_5 brz-lh-xs-2 brz-vfw-lg-400 brz-fwdth-lg-100 brz-fsft-lg-0 brz-tp-lg-empty brz-ff-poppins brz-ft-google brz-fs-lg-24 brz-fss-lg-px brz-fw-lg-600 brz-ls-lg-0_5 brz-lh-lg-1_5 brz-css-vVPHr\" data-uniq-id=\"k8_v3\" data-generated-css=\"brz-css-kwr31\"><strong class=\"brz-capitalize-on\">Profond comme ses racines. <\/strong><\/p>\n<\/div>\n<\/div>\n<\/div>\n<div id=\"\" class=\"brz-css-1r12ba7 brz-css-1p9vulx brz-wrapper\">\n<div class=\"brz-spacer brz-css-1hgeg2v\"><\/div>\n<\/div>\n<div class=\"brz-row__container brz-css-8ejj1b\" data-brz-custom-id=\"bbjexgazsuittmigerksthcpgpxwdrkimqrl\">\n<div class=\"brz-bg\"><\/div>\n<div class=\"brz-row brz-css-1astali brz-css-1skq8j9\">\n<div class=\"brz-columns brz-css-dkghi2 brz-css-weev1e\" data-brz-custom-id=\"fwnqfovvhomsnehacjnpojevcxekfshymgqc\">\n<div class=\"brz-bg\"><\/div>\n<div class=\"brz-column__items brz-css-1el1yh\">\n<div id=\"\" class=\"brz-css-1r12ba7 brz-css-10lkl6e brz-wrapper\">\n<div class=\"brz-image brz-css-19zkjt2 brz-css-11obu99\" data-brz-custom-id=\"qlyssdgkdtbxmxqvyvyihysfxvtxeywltyyj\"><a class=\"brz-a\" href=\"https:\/\/nintungi.com\/index.php\/consultation\/\" target=\"_self\" rel=\"noopener\" data-brz-link-type=\"external\"><img decoding=\"async\" class=\"brz-img\" src=\"https:\/\/nintungi.com\/wp-content\/uploads\/2023\/08\/Bouton-CONSULTATION_Nintu_Ngi.png\" alt=\"\" loading=\"lazy\"><\/a><\/div>\n<\/div>\n<\/div>\n<\/div>\n<div class=\"brz-columns brz-css-dkghi2 brz-css-hycj95\" data-brz-custom-id=\"zasrnlpzxdmjzwftetknfaenselizwjdhlyy\">\n<div class=\"brz-bg\"><\/div>\n<div class=\"brz-column__items brz-css-1el1yh\">\n<div id=\"\" class=\"brz-css-1r12ba7 brz-css-nax22c brz-wrapper\">\n<div class=\"brz-image brz-css-13pevlo brz-css-16ydnpt\" data-brz-custom-id=\"rqythzdrovkjuhciicazxtofvezhcroxwppc\"><a class=\"brz-a\" href=\"https:\/\/nintungi.com\/index.php\/demo-services\/\" target=\"_self\" rel=\"noopener\" data-brz-link-type=\"external\"><img decoding=\"async\" class=\"brz-img\" src=\"https:\/\/nintungi.com\/wp-content\/uploads\/2023\/08\/Bouton-SOINS_Nintu_Ngi.png\" alt=\"\" loading=\"lazy\"><\/a><\/div>\n<\/div>\n<\/div>\n<\/div>\n<div class=\"brz-columns brz-css-dkghi2 brz-css-5cp5d3\" data-brz-custom-id=\"zcamgpozhitsundalszixmsugsrnmjrodzdp\">\n<div class=\"brz-bg\"><\/div>\n<div class=\"brz-column__items brz-css-1el1yh brz-css-1a3095p\">\n<div id=\"\" class=\"brz-css-1r12ba7 brz-css-lkez6v brz-wrapper\">\n<div class=\"brz-image brz-css-rnlbem brz-css-1as7ujm\" data-brz-custom-id=\"googrizopwbxjnbqidnzhnbhywablwrrlsbc\"><a class=\"brz-a\" href=\"https:\/\/nintungi.com\/index.php\/massage-madinka\/\" target=\"_self\" rel=\"noopener\" data-brz-link-type=\"external\"><img decoding=\"async\" class=\"brz-img\" src=\"https:\/\/nintungi.com\/wp-content\/uploads\/2023\/08\/Bouton-MADINKA_Nintu_Ngi.png\" alt=\"\" loading=\"lazy\"><\/a><\/div>\n<\/div>\n<\/div>\n<\/div>\n<\/div>\n<\/div>\n<\/div>\n<\/div>\n<\/section>\n<section id=\"_wZdcautPSJkU\" class=\"brz-section brz-css-ugca50\">\n<div class=\"brz-section__content brz-section--boxed brz-css-1dc8ywm brz-css-pat9a2\" data-brz-custom-id=\"sEexWdsp4cNY\">\n<div class=\"brz-bg\">\n<div class=\"brz-bg-image\"><\/div>\n<\/div>\n<div class=\"brz-container brz-css-1xcza5y\">\n<div class=\"brz-row__container brz-css-8ejj1b brz-css-1sqmpxs\" data-brz-custom-id=\"wdl9ZDt5b3wS\">\n<div class=\"brz-bg\"><\/div>\n<div class=\"brz-row brz-css-1astali brz-css-1skq8j9\">\n<div class=\"brz-columns brz-css-dkghi2 brz-css-dcmzqd\" data-brz-custom-id=\"pgoWVzL8H2Iv\">\n<div class=\"brz-bg\"><\/div>\n<div class=\"brz-column__items brz-css-1el1yh brz-css-3tzmh3\">\n<div id=\"\" class=\"brz-css-1r12ba7 brz-wrapper\">\n<div class=\"brz-rich-text brz-rich-text__custom brz-css-1mobnul\" data-brz-custom-id=\"dms3R_OpDBsb\">\n<div data-brz-translate-text=\"1\">\n<h2 data-uniq-id=\"s1b5I\" data-generated-css=\"brz-css-eYvi7\" class=\"brz-tp-lg-empty brz-ff-palanquin_dark brz-ft-google brz-fs-lg-51 brz-fss-lg-px brz-fw-lg-400 brz-ls-lg-m_1 brz-lh-lg-1_4 brz-vfw-lg-400 brz-fwdth-lg-100 brz-fsft-lg-0 brz-css-muqUe\"><span>VOTRE <\/span><\/h2>\n<h2 data-uniq-id=\"s1b5I\" data-generated-css=\"brz-css-eYvi7\" class=\"brz-tp-lg-empty brz-ff-palanquin_dark brz-ft-google brz-fs-lg-51 brz-fss-lg-px brz-fw-lg-400 brz-ls-lg-m_1 brz-lh-lg-1_4 brz-vfw-lg-400 brz-fwdth-lg-100 brz-fsft-lg-0 brz-css-qIE1o\"><span>MADINKA KONGO <\/span><\/h2>\n<\/div>\n<\/div>\n<\/div>\n<div id=\"\" class=\"brz-css-1r12ba7 brz-css-1p9vulx brz-css-1f4r36n brz-wrapper\">\n<div class=\"brz-spacer brz-css-1hgeg2v brz-css-1dpxzsv\"><\/div>\n<\/div>\n<div id=\"\" class=\"brz-css-1r12ba7 brz-wrapper\">\n<div class=\"brz-rich-text brz-rich-text__custom brz-css-1mobnul\" data-brz-custom-id=\"znGuRK_To9Mj\">\n<div data-brz-translate-text=\"1\">\n<p class=\"brz-tp-lg-paragraph brz-css-oslhI\" data-uniq-id=\"p2d9r\" data-generated-css=\"brz-css-sNb1Z\"><span>KABULA IMMERSIF sur ce que repr\u00e9sente le massage traditionnel<\/span><\/p>\n<p class=\"brz-tp-lg-paragraph brz-css-tpqou\" data-uniq-id=\"p2d9r\" data-generated-css=\"brz-css-sNb1Z\"><span>africain, vue sous le prisme de la tradition Kongo ancestrale.<\/span><\/p>\n<p class=\"brz-fw-lg-700 brz-fss-lg-px brz-fs-lg-12 brz-ft-google brz-ff-palanquin brz-tp-lg-empty brz-fsft-lg-0 brz-fwdth-lg-100 brz-vfw-lg-400 brz-lh-lg-1_9 brz-ls-lg-0 brz-css-iL4_s\" data-uniq-id=\"dBx8G\" data-generated-css=\"brz-css-aRjhI\"><span class=\"brz-capitalize-on brz-cp-color8\">-FEDERATIOn KIMUNTU-<\/span><span> <\/span><\/p>\n<\/div>\n<\/div>\n<\/div>\n<\/div>\n<\/div>\n<div class=\"brz-columns brz-css-dkghi2 brz-css-19nd8fw\" data-brz-custom-id=\"bukRYbcW0ETm\">\n<div class=\"brz-bg\">\n<div class=\"brz-bg-image\"><\/div>\n<\/div>\n<div class=\"brz-column__items brz-css-1el1yh brz-css-1g190c2\">\n<div id=\"\" class=\"brz-css-1r12ba7 brz-wrapper\">\n<div class=\"brz-video brz-youtube-video brz-video-on-controls-hidden brz-css-4khd65 brz-css-kbzrrh\" data-brz-custom-id=\"pLjV0Zolc_vt\">\n<div class=\"brz-video-content\" data-loop=\"false\" data-muted=\"false\" data-autoplay=\"off\">\n<div class=\"video-wrapper brz-image-fix-16-9\">\n<div class=\"brz-video-data brz-hidden\" data-src=\"https:\/\/www.youtube.com\/embed\/PM8r7zZ9n4U?autoplay=0&amp;controls=1&amp;start=0&amp;end=0&amp;modestbranding=0&amp;wmode=transparent&amp;enablejsapi=1&amp;loop=0&amp;rel=0&amp;mute=0\" data-population=\"\" data-controls=\"true\" data-branding=\"true\" data-intro=\"true\" data-start=\"0\" data-end=\"0\" data-loop=\"false\" data-autoplay=\"off\"><\/div>\n<\/div>\n<\/div>\n<\/div>\n<\/div>\n<\/div>\n<p><a class=\"brz-a brz-container-link\" href=\"https:\/\/www.youtube.com\/watch?v=PM8r7zZ9n4U&amp;t=3701s\" target=\"_self\" rel=\"noopener\" data-brz-link-type=\"external\"><\/a><\/div>\n<\/div>\n<\/div>\n<\/div>\n<\/div>\n<\/section>\n<section id=\"_zxvdwyawkkwjovbunhukpbtybiuartdcwsjx\" class=\"brz-section brz-css-ugca50\">\n<div class=\"brz-section__content brz-section--boxed brz-css-1dc8ywm brz-css-7f6lyt\" data-brz-custom-id=\"iddlqsihizttlfcsxynlsqinskxbgxwnxqsj\">\n<div class=\"brz-bg\">\n<div class=\"brz-bg-image\"><\/div>\n<\/div>\n<div class=\"brz-container brz-css-1xcza5y\">\n<div class=\"brz-row__container brz-css-8ejj1b\" data-brz-custom-id=\"bvastteuidztmdngnzbvexlqstlnhpdovzvt\">\n<div class=\"brz-bg\"><\/div>\n<div class=\"brz-row brz-css-1astali brz-css-1skq8j9\">\n<div class=\"brz-columns brz-css-dkghi2 brz-css-vdjmkl\" data-brz-custom-id=\"hitpvzjtwxlmdanjtkolrvhjgwxqhfdqtkqa\">\n<div class=\"brz-column__items brz-css-1el1yh brz-css-1cbyt62\">\n<div class=\"brz-row__container brz-css-8ejj1b\" data-brz-custom-id=\"yfneioocxvtokuutexaqcbxknlabjtsgfqej\">\n<div class=\"brz-bg\"><\/div>\n<div class=\"brz-row brz-row--inner brz-css-1astali brz-css-1skq8j9\">\n<div class=\"brz-columns brz-css-dkghi2 brz-css-1wvh5gc\" data-brz-custom-id=\"cvrolauhmgpmnxwmcmcjrmnbnblifclyshbf\">\n<div class=\"brz-bg\"><\/div>\n<div class=\"brz-column__items brz-css-1el1yh brz-css-181lyhc\">\n<div id=\"\" class=\"brz-css-1r12ba7 brz-css-z1dv3o brz-wrapper\">\n<div class=\"brz-image brz-css-f85a3v brz-css-1ms9lx6\" data-brz-custom-id=\"unlukjxiamzlfdjzdjelhdjumjakilcszpod\"><img decoding=\"async\" class=\"brz-img\" src=\"https:\/\/nintungi.com\/wp-content\/uploads\/2023\/08\/image_nga_sere_diop.png\" alt=\"\" loading=\"lazy\"><\/div>\n<\/div>\n<\/div>\n<\/div>\n<\/div>\n<\/div>\n<\/div>\n<\/div>\n<div class=\"brz-columns brz-css-dkghi2 brz-css-u29ewl\" data-brz-custom-id=\"hlwzmpjrvhvsmywcrngaswxtygvqpgtwxqdx\">\n<div class=\"brz-bg\"><\/div>\n<div class=\"brz-column__items brz-css-1el1yh brz-css-1c1h1yt\">\n<div id=\"\" class=\"brz-css-1r12ba7 brz-css-wm5waj brz-wrapper\">\n<div class=\"brz-rich-text brz-rich-text__custom brz-css-1mobnul\" data-brz-custom-id=\"rvmowffertcmlwevaxwjtewvmjsozstbvsev\">\n<div data-brz-translate-text=\"1\">\n<p class=\"brz-fs-lg-17 brz-ft-google brz-ff-palanquin brz-tp-lg-empty brz-lh-lg-1_5 brz-ls-lg-0_5 brz-fw-lg-400 brz-fss-lg-px brz-tp-xs-paragraph brz-tp-sm-paragraph brz-text-xs-justify brz-css-hIbkN\" data-uniq-id=\"orwmi\" data-generated-css=\"brz-css-bgvkj\"><span class=\"brz-cp-color6\">\u00abDans le Noir obscur, le Noir profond. J\u2019\u00e9tais pendant longtemps \u00e0 la recherche d\u2019une graine. De la graine de Vie. Je la tient aujourd\u2019hui entre mes deux mains. Sa lumi\u00e8re dor\u00e9e et tellement intense, qu\u2019elle a illumin\u00e9e mes mains, mon coeur et ma gorge. Je suis porteuse de cette graine et je suis l\u00e0, pour vous permettre de retrouver la Votre. Le temps est venue de rallumer les graines, pour que la Terre M\u00e8re, Mama Ntonto scintille comme un ciel sans lune. Tangu y fueni ( l\u2019heure est venue) \u00bb<\/span><\/p>\n<\/div>\n<\/div>\n<\/div>\n<div id=\"\" class=\"brz-css-1r12ba7 brz-wrapper\">\n<div class=\"brz-rich-text brz-rich-text__custom brz-css-1mobnul\" data-brz-custom-id=\"rnfbpphvdhudoulqnbzdgwjprchtdxaouwso\">\n<div data-brz-translate-text=\"1\">\n<p class=\"brz-text-xs-center brz-tp-sm-heading3 brz-text-lg-left brz-tp-lg-heading3 brz-tp-xs-heading3 brz-css-hTdeB\" data-generated-css=\"brz-css-vQTvA\" data-uniq-id=\"j9EC_\"><span>NGA SERE KOUSSOH DIOP <\/span><\/p>\n<\/div>\n<\/div>\n<\/div>\n<div id=\"\" class=\"brz-css-1r12ba7 brz-wrapper\">\n<div class=\"brz-rich-text brz-rich-text__custom brz-css-1mobnul\" data-brz-custom-id=\"rgkdgtjzmsomupqtfahxbqipkdrstngrhbma\">\n<div data-brz-translate-text=\"1\">\n<p class=\"brz-text-xs-center brz-tp-xs-paragraph brz-tp-sm-paragraph brz-tp-lg-abovetitle brz-css-pAdOo\" data-uniq-id=\"aFKtj\" data-generated-css=\"brz-css-zj0n7\"><span class=\"brz-cp-color8\">TRADI &#8211; MASSEUSE GATAKI\/ KI-NKONKO\/ KIMBAZI<\/span><\/p>\n<p class=\"brz-text-xs-center brz-tp-xs-paragraph brz-tp-sm-paragraph brz-tp-lg-abovetitle brz-css-de25h\" data-uniq-id=\"y5j8G\" data-generated-css=\"brz-css-tHiUU\"><span class=\"brz-cp-color7 brz-capitalize-on\">GERANTE DU CENTRE NINTU NGI<\/span><\/p>\n<p class=\"brz-text-xs-center brz-tp-xs-paragraph brz-tp-sm-paragraph brz-tp-lg-empty brz-ff-palanquin brz-ft-google brz-fs-lg-12 brz-fss-lg-px brz-fw-lg-700 brz-ls-lg-1_1 brz-lh-lg-2_2 brz-css-joD5P\" data-uniq-id=\"lLjsm\" data-generated-css=\"brz-css-qfcvx\"><span class=\"brz-capitalize-on brz-cp-color8\">-FEDERATIOn KIMUNTU-<\/span><\/p>\n<p class=\"brz-tp-xs-paragraph brz-tp-sm-paragraph brz-tp-lg-abovetitle brz-css-iEZho\" data-uniq-id=\"l8ZwT\" data-generated-css=\"brz-css-komXA\"><\/p>\n<\/div>\n<\/div>\n<\/div>\n<\/div>\n<\/div>\n<div class=\"brz-columns brz-css-dkghi2 brz-css-yli3gc\" data-brz-custom-id=\"gsmjpblhhqwtjfpwhlvwlxnxfrudnudcdmjo\">\n<div class=\"brz-bg\"><\/div>\n<div class=\"brz-column__items brz-css-1el1yh\">\n<div id=\"\" class=\"brz-css-1r12ba7 brz-css-1p9vulx brz-wrapper\">\n<div class=\"brz-spacer brz-css-1hgeg2v brz-css-1h6yac1\"><\/div>\n<\/div>\n<\/div>\n<\/div>\n<\/div>\n<\/div>\n<\/div>\n<\/div>\n<\/section>\n<\/div>\n<p>    <!-- version:1736947091 --><\/p>\n","protected":false},"excerpt":{"rendered":"<p>La pratique kongo rEVEL\u00e9E au bout des doigts Puissant comme le baobab Doux comme ses fruits Profond comme ses racines. VOTRE MADINKA KONGO KABULA IMMERSIF sur ce que repr\u00e9sente le massage traditionnel africain, vue sous le prisme de la tradition Kongo ancestrale. -FEDERATIOn KIMUNTU- \u00abDans le Noir obscur, le Noir profond. J\u2019\u00e9tais pendant longtemps \u00e0 [&hellip;]<\/p>\n","protected":false},"author":1,"featured_media":0,"parent":0,"menu_order":0,"comment_status":"closed","ping_status":"closed","template":"brizy-blank-template.php","meta":{"footnotes":""},"class_list":["post-105","page","type-page","status-publish","hentry"],"brizy_media":[{"id":104,"url":"https:\/\/nintungi.com\/wp-content\/uploads\/2023\/08\/7e8014fdeaba3a2a0938f3853194c772.jpg","name":"7e8014fdeaba3a2a0938f3853194c772.jpg","meta":{"brizy_attachment_uid":"7e8014fdeaba3a2a0938f3853194c772.jpg","brizy_post_uid":["fbcc20d85249a8438bf69f90692fccac","5828a49bcb4f22a7c46eff031b2c7be1"]}},{"id":211,"url":"https:\/\/nintungi.com\/wp-content\/uploads\/2023\/08\/BG-Site-Web-Nintu_Ngiv201.jpg","name":"BG-Site-Web-Nintu_Ngiv201.jpg","meta":{"brizy_attachment_uid":"wp-f40ebfe31f9d1af0a52e8caf8f5781a7.jpg","brizy_post_uid":["fbcc20d85249a8438bf69f90692fccac","5828a49bcb4f22a7c46eff031b2c7be1","8925bbbfa2bcf57f1141c53e74808871"]}},{"id":228,"url":"https:\/\/nintungi.com\/wp-content\/uploads\/2023\/08\/Logo_NINTU_NGI.png","name":"Logo_NINTU_NGI.png","meta":{"brizy_attachment_uid":"wp-a266322ef0e417cba6fd729b9fc5fde7.png","brizy_post_uid":["fbcc20d85249a8438bf69f90692fccac","5828a49bcb4f22a7c46eff031b2c7be1","5f004bd7fa1fbbb7b21c0ee86fc58980","c2bb917c93b498c4e9a7b85e6c20304a"]}},{"id":251,"url":"https:\/\/nintungi.com\/wp-content\/uploads\/2023\/08\/Bouton-CONSULTATION_Nintu_Ngi.png","name":"Bouton-CONSULTATION_Nintu_Ngi.png","meta":{"brizy_attachment_uid":"wp-fec7ad3f74df832dabea376128844e37.png","brizy_post_uid":["fbcc20d85249a8438bf69f90692fccac","5828a49bcb4f22a7c46eff031b2c7be1"]}},{"id":250,"url":"https:\/\/nintungi.com\/wp-content\/uploads\/2023\/08\/Bouton-SOINS_Nintu_Ngi.png","name":"Bouton-SOINS_Nintu_Ngi.png","meta":{"brizy_attachment_uid":"wp-8509a47791d3c397039c5bfe99fd2b42.png","brizy_post_uid":["fbcc20d85249a8438bf69f90692fccac","5828a49bcb4f22a7c46eff031b2c7be1"]}},{"id":249,"url":"https:\/\/nintungi.com\/wp-content\/uploads\/2023\/08\/Bouton-MADINKA_Nintu_Ngi.png","name":"Bouton-MADINKA_Nintu_Ngi.png","meta":{"brizy_attachment_uid":"wp-b3fca413428a335ed51402e72bc23f9c.png","brizy_post_uid":["fbcc20d85249a8438bf69f90692fccac","5828a49bcb4f22a7c46eff031b2c7be1"]}},{"id":330,"url":"https:\/\/nintungi.com\/wp-content\/uploads\/2023\/08\/BG_Nintungi03.png","name":"BG_Nintungi03.png","meta":{"brizy_attachment_uid":"wp-c074d492826ab33aa5f38d02c1913dce.png","brizy_post_uid":["5828a49bcb4f22a7c46eff031b2c7be1","c2bb917c93b498c4e9a7b85e6c20304a","f7172a19fae0f2d066358f7f8e3e32d3","5f004bd7fa1fbbb7b21c0ee86fc58980"]}},{"id":387,"url":"https:\/\/nintungi.com\/wp-content\/uploads\/2023\/08\/logo-KMT-2023.webp","name":"logo-KMT-2023.webp","meta":{"brizy_attachment_uid":"wp-7daf4e30fb9978110800bcfae9842af0.webp","brizy_post_uid":["5828a49bcb4f22a7c46eff031b2c7be1","5f004bd7fa1fbbb7b21c0ee86fc58980"]}},{"id":332,"url":"https:\/\/nintungi.com\/wp-content\/uploads\/2023\/08\/BG_Nintungi05.png","name":"BG_Nintungi05.png","meta":{"brizy_attachment_uid":"wp-62975711d34f4191c045363e6ab84f11.png","brizy_post_uid":["5828a49bcb4f22a7c46eff031b2c7be1","8f3c6354b3274e3a4fd660fed1214c3c","8925bbbfa2bcf57f1141c53e74808871"]}},{"id":333,"url":"https:\/\/nintungi.com\/wp-content\/uploads\/2023\/08\/BG_Nintungi06.png","name":"BG_Nintungi06.png","meta":{"brizy_attachment_uid":"wp-38c6beca5c4f5e4abb8a4fb8c5cd6203.png","brizy_post_uid":["5828a49bcb4f22a7c46eff031b2c7be1","8f3c6354b3274e3a4fd660fed1214c3c","8925bbbfa2bcf57f1141c53e74808871","98748443c9cdb5b64d6f0992d948a2b9"]}},{"id":329,"url":"https:\/\/nintungi.com\/wp-content\/uploads\/2023\/08\/BG_Nintungi02.png","name":"BG_Nintungi02.png","meta":{"brizy_attachment_uid":"wp-f7a55a2a705adbd399fba607199780a3.png","brizy_post_uid":["5828a49bcb4f22a7c46eff031b2c7be1"]}},{"id":468,"url":"https:\/\/nintungi.com\/wp-content\/uploads\/2023\/08\/Logo_Centre_ia.png","name":"Logo_Centre_ia.png","meta":{"brizy_attachment_uid":"wp-8d45199abd80c6e9dcbd229695c963b9.png","brizy_post_uid":["5828a49bcb4f22a7c46eff031b2c7be1","5f004bd7fa1fbbb7b21c0ee86fc58980"]}},{"id":472,"url":"https:\/\/nintungi.com\/wp-content\/uploads\/2023\/08\/image_gataki_nintungi_mamba1.png","name":"image_gataki_nintungi_mamba1.png","meta":{"brizy_attachment_uid":"wp-68bdc633949725ea5623ace2e567da04.png","brizy_post_uid":["5828a49bcb4f22a7c46eff031b2c7be1"]}},{"id":473,"url":"https:\/\/nintungi.com\/wp-content\/uploads\/2023\/08\/image_gataki_nintungi_ntonto.png","name":"image_gataki_nintungi_ntonto.png","meta":{"brizy_attachment_uid":"wp-1bbdadefe82b7f7e8ece7cd5883c593e.png","brizy_post_uid":["5828a49bcb4f22a7c46eff031b2c7be1"]}},{"id":474,"url":"https:\/\/nintungi.com\/wp-content\/uploads\/2023\/08\/image_gataki_nintungi_mbawu.png","name":"image_gataki_nintungi_mbawu.png","meta":{"brizy_attachment_uid":"wp-abe6a6d7e2ff070ff7846d38f80bbc85.png","brizy_post_uid":["5828a49bcb4f22a7c46eff031b2c7be1"]}},{"id":331,"url":"https:\/\/nintungi.com\/wp-content\/uploads\/2023\/08\/BG_Nintungi04.png","name":"BG_Nintungi04.png","meta":{"brizy_attachment_uid":"wp-0669cb1724d9734443abbf928cc65cdc.png","brizy_post_uid":["5828a49bcb4f22a7c46eff031b2c7be1","8f3c6354b3274e3a4fd660fed1214c3c","5f004bd7fa1fbbb7b21c0ee86fc58980"]}},{"id":475,"url":"https:\/\/nintungi.com\/wp-content\/uploads\/2023\/08\/image_gataki_nintungi_mpi.png","name":"image_gataki_nintungi_mpi.png","meta":{"brizy_attachment_uid":"wp-f72fff44a8e6004e7904cd6bc1ccec30.png","brizy_post_uid":["5828a49bcb4f22a7c46eff031b2c7be1"]}},{"id":486,"url":"https:\/\/nintungi.com\/wp-content\/uploads\/2023\/08\/BG_Nintungi08.jpg","name":"BG_Nintungi08.jpg","meta":{"brizy_attachment_uid":"wp-7a8d146e986107731d67b5edf0f27bbe.jpg","brizy_post_uid":["5828a49bcb4f22a7c46eff031b2c7be1","f7172a19fae0f2d066358f7f8e3e32d3","e62c9456c2a02d901f9c7f7e9f2dd659","d47430f5475c3d2af03a36dee2c15bb1","615139f3abfaf093b092860a2580e94e","2f533fa23badc0753b2f33ebe25e9459"]}},{"id":514,"url":"https:\/\/nintungi.com\/wp-content\/uploads\/2023\/08\/BG_Nintungi01_BD.jpg","name":"BG_Nintungi01_BD.jpg","meta":{"brizy_attachment_uid":"wp-eb20aafc1365118a208805603aa990d7.jpg","brizy_post_uid":["5828a49bcb4f22a7c46eff031b2c7be1","8f3c6354b3274e3a4fd660fed1214c3c","98748443c9cdb5b64d6f0992d948a2b9"]}},{"id":515,"url":"https:\/\/nintungi.com\/wp-content\/uploads\/2023\/08\/BG_Nintungi01_HD.jpg","name":"BG_Nintungi01_HD.jpg","meta":{"brizy_attachment_uid":"wp-19427f79804e291d45e7ac2b4c418e1b.jpg","brizy_post_uid":["5828a49bcb4f22a7c46eff031b2c7be1"]}},{"id":522,"url":"https:\/\/nintungi.com\/wp-content\/uploads\/2023\/08\/GATAKI_nintungi_CADRE.png","name":"GATAKI_nintungi_CADRE.png","meta":{"brizy_attachment_uid":"wp-63416fcc8df09d1613298d9d9ddba5e9.png","brizy_post_uid":["5828a49bcb4f22a7c46eff031b2c7be1"]}},{"id":534,"url":"https:\/\/nintungi.com\/wp-content\/uploads\/2023\/08\/SIte-Web-Nintu_Ngi_gataki-scaled.jpg","name":"SIte-Web-Nintu_Ngi_gataki.jpg","meta":{"brizy_attachment_uid":"wp-c25b84399a9318776439958dd9998e78.jpg","brizy_post_uid":["5828a49bcb4f22a7c46eff031b2c7be1"]}},{"id":535,"url":"https:\/\/nintungi.com\/wp-content\/uploads\/2023\/08\/GATAKI_nintungi_CADRE001.png","name":"GATAKI_nintungi_CADRE001.png","meta":{"brizy_attachment_uid":"wp-d26f1181e83957ee1f8aaccae1c0f758.png","brizy_post_uid":["5828a49bcb4f22a7c46eff031b2c7be1"]}},{"id":541,"url":"https:\/\/nintungi.com\/wp-content\/uploads\/2023\/08\/GATAKI_nintungi_CADRE001ok.png","name":"GATAKI_nintungi_CADRE001ok.png","meta":{"brizy_attachment_uid":"wp-88c1ec65d8176225d4aa28de8d3b6696.png","brizy_post_uid":["5828a49bcb4f22a7c46eff031b2c7be1","5f004bd7fa1fbbb7b21c0ee86fc58980"]}},{"id":547,"url":"https:\/\/nintungi.com\/wp-content\/uploads\/2023\/08\/GATAKI_nintungi_CADRE002ok.png","name":"GATAKI_nintungi_CADRE002ok.png","meta":{"brizy_attachment_uid":"wp-d094cc63f9ca0851e5855ed9ca79a598.png","brizy_post_uid":["5828a49bcb4f22a7c46eff031b2c7be1","5f004bd7fa1fbbb7b21c0ee86fc58980"]}},{"id":548,"url":"https:\/\/nintungi.com\/wp-content\/uploads\/2023\/08\/GATAKI_nintungi_CADRE003ok.png","name":"GATAKI_nintungi_CADRE003ok.png","meta":{"brizy_attachment_uid":"wp-db38aa5beb5fc776c7ececde796b56a3.png","brizy_post_uid":["5828a49bcb4f22a7c46eff031b2c7be1"]}},{"id":628,"url":"https:\/\/nintungi.com\/wp-content\/uploads\/2023\/08\/logo_federationkimuntu_ok.png","name":"logo_federationkimuntu_ok.png","meta":{"brizy_attachment_uid":"wp-de4a8baa0add8b531f6863e77de8cf96.png","brizy_post_uid":["5828a49bcb4f22a7c46eff031b2c7be1","e62c9456c2a02d901f9c7f7e9f2dd659","5f004bd7fa1fbbb7b21c0ee86fc58980"]}},{"id":637,"url":"https:\/\/nintungi.com\/wp-content\/uploads\/2023\/08\/GATAKI_nintungi_CADRE004ok.png","name":"GATAKI_nintungi_CADRE004ok.png","meta":{"brizy_attachment_uid":"wp-66b37c85a98398c814aaed988e3d325a.png","brizy_post_uid":["5828a49bcb4f22a7c46eff031b2c7be1","5f004bd7fa1fbbb7b21c0ee86fc58980"]}},{"id":667,"url":"https:\/\/nintungi.com\/wp-content\/uploads\/2023\/08\/GATAKI_nintungi_CADRE_madinka.png","name":"GATAKI_nintungi_CADRE_madinka.png","meta":{"brizy_attachment_uid":"wp-c4e031986311d1a1822d5e226f8eb7ee.png","brizy_post_uid":["5828a49bcb4f22a7c46eff031b2c7be1"]}},{"id":1022,"url":"https:\/\/nintungi.com\/wp-content\/uploads\/2023\/08\/image_nga_sere_diop.png","name":"image_nga_sere_diop.png","meta":{"brizy_attachment_uid":"wp-310689524a11717d6a56738d038e8718.png","brizy_post_uid":["5828a49bcb4f22a7c46eff031b2c7be1"]}},{"id":1563,"url":"https:\/\/nintungi.com\/wp-content\/uploads\/2023\/08\/BG_Nintungi07.png","name":"BG_Nintungi07.png","meta":{"brizy_attachment_uid":"wp-cb2b857875eeb7ff1da533812aa4f896.png","brizy_post_uid":["f7172a19fae0f2d066358f7f8e3e32d3","5828a49bcb4f22a7c46eff031b2c7be1"]}}],"_links":{"self":[{"href":"https:\/\/nintungi.com\/index.php\/wp-json\/wp\/v2\/pages\/105","targetHints":{"allow":["GET"]}}],"collection":[{"href":"https:\/\/nintungi.com\/index.php\/wp-json\/wp\/v2\/pages"}],"about":[{"href":"https:\/\/nintungi.com\/index.php\/wp-json\/wp\/v2\/types\/page"}],"author":[{"embeddable":true,"href":"https:\/\/nintungi.com\/index.php\/wp-json\/wp\/v2\/users\/1"}],"replies":[{"embeddable":true,"href":"https:\/\/nintungi.com\/index.php\/wp-json\/wp\/v2\/comments?post=105"}],"version-history":[{"count":30,"href":"https:\/\/nintungi.com\/index.php\/wp-json\/wp\/v2\/pages\/105\/revisions"}],"predecessor-version":[{"id":3770,"href":"https:\/\/nintungi.com\/index.php\/wp-json\/wp\/v2\/pages\/105\/revisions\/3770"}],"wp:attachment":[{"href":"https:\/\/nintungi.com\/index.php\/wp-json\/wp\/v2\/media?parent=105"}],"curies":[{"name":"wp","href":"https:\/\/api.w.org\/{rel}","templated":true}]}}